{"id":1497,"date":"2025-12-15T11:53:21","date_gmt":"2025-12-15T10:53:21","guid":{"rendered":"https:\/\/www.ubytkovstiavnici.sk\/?page_id=1497"},"modified":"2025-12-15T19:39:02","modified_gmt":"2025-12-15T18:39:02","slug":"useful-info_en","status":"publish","type":"page","link":"https:\/\/www.ubytkovstiavnici.sk\/?page_id=1497","title":{"rendered":"Useful Info_EN"},"content":{"rendered":"\n<!-- Tla\u010didlo MENU vpravo hore -->\n<button id=\"menuBtn\" style=\"\n    position:fixed;\n    top:15px;\n    right:15px;\n    z-index:10001;\n    padding:10px 15px;\n    font-size:35px;\n    background-color:#87A79D;\n    color:white;\n    border:none;\n    border-radius:5px;\n    cursor:pointer;\n\">\n  \u2630\n<\/button>\n\n<!-- Bo\u010dn\u00e9 menu -->\n<div id=\"sideMenu\" style=\"\n    position:fixed;\n    top:10;\n    right:-250px; \/* na za\u010diatku skryt\u00e9 *\/\n    width:250px;\n    height:100%;\n    background-color:#87A79D;\n    color:white;\n    padding-top:60px;\n    transition: right 0.5s ease;\n    z-index:10000;\n\">\n  <a href=\"https:\/\/www.ubytkovstiavnici.sk\/?page_id=1283\" style=\"display:block; padding:12px; color:white; text-decoration:none; font-size:18px;\">Home<\/a>  \n<a href=\"https:\/\/www.ubytkovstiavnici.sk\/?page_id=1490\" style=\"display:block; padding:12px; color:white; text-decoration:none; font-size:18px;\">About us<\/a>\n  <a href=\"https:\/\/www.ubytkovstiavnici.sk\/?page_id=1480\" style=\"display:block; padding:12px; color:white; text-decoration:none; font-size:18px;\">Cosy Apartment<\/a>\n  <a href=\"https:\/\/www.ubytkovstiavnici.sk\/?page_id=1485\" style=\"display:block; padding:12px; color:white; text-decoration:none; font-size:18px;\">Gallery Apartment 1<\/a>\n  <a href=\"https:\/\/www.ubytkovstiavnici.sk\/?page_id=1492\" style=\"display:block; padding:12px; color:white; text-decoration:none; font-size:18px;\">Gallery Apartment 2<\/a>\n  <a href=\"https:\/\/www.ubytkovstiavnici.sk\/?page_id=1495\" style=\"display:block; padding:12px; color:white; text-decoration:none; font-size:18px;\">Gallery Residence<\/a>\n  <a href=\"https:\/\/www.ubytkovstiavnici.sk\/?page_id=1497\" style=\"display:block; padding:12px; color:white; text-decoration:none; font-size:18px;\">Useful Information<\/a>\n  <a href=\"https:\/\/www.ubytkovstiavnici.sk\/?page_id=1483\" style=\"display:block; padding:12px; color:white; text-decoration:none; font-size:18px;\">Price List<\/a>\n  <a href=\"https:\/\/www.ubytkovstiavnici.sk\/?page_id=1487\" style=\"display:block; padding:12px; color:white; text-decoration:none; font-size:18px;\">Contact<\/a>\n <a href=\"https:\/\/www.ubytkovstiavnici.sk\/?page_id=1111\" style=\"display:block; padding:12px; color:white; text-decoration:none; font-size:18px;\">Slovak Version<\/a>\n<\/div>\n\n<script>\n  const btn = document.getElementById('menuBtn');\n  const menu = document.getElementById('sideMenu');\n\n  \/\/ Toggle menu when clicking on the menu button\n  btn.addEventListener('click', function(event) {\n    event.stopPropagation(); \/\/ Prevent closing the menu when clicking the button\n    toggleMenu();\n  });\n\n  \/\/ Close menu when clicking outside of it\n  document.addEventListener('click', function(event) {\n    if (menu.style.right === '0px' && !menu.contains(event.target)) {\n      menu.style.right = '-250px'; \/\/ Close menu\n    }\n  });\n\n  function toggleMenu() {\n    if (menu.style.right === '0px') {\n      menu.style.right = '-250px'; \/\/ Close menu\n    } else {\n      menu.style.right = '0px'; \/\/ Open menu\n    }\n  }\n<\/script>\n\n\n\n<div id=\"fixed-floating-logo-wrapper\">\n  <a href=\"https:\/\/www.ubytkovstiavnici.sk\/?page_id=1279\" rel=\"noopener noreferrer\">\n    <img decoding=\"async\" class=\"fixed-floating-logo\" src=\"https:\/\/www.ubytkovstiavnici.sk\/wp-content\/uploads\/2025\/12\/SK-BIela.png\" alt=\"Logo\">\n  <\/a>\n<\/div>\n\n\n\n<style>\n  .gr-section {\n    margin-bottom: 40px;\n    padding-bottom: 25px;\n    border-bottom: 1px solid #e5ded5;\n  }\n  .gr-section:last-child {\n    border-bottom: none;\n  }\n  .gr-title {\n    font-size: 22px;\n    font-weight: 600;\n    color: #000000;\n    margin-bottom: 12px;\n  }\n  .gr-text {\n    font-size: 16px;\n    line-height: 1.6;\n    color: #3a3a3a;\n    margin-bottom: 10px;\n  }\n  .gr-list {\n    margin: 5px 0 0 18px;\n    padding: 0;\n  }\n  .gr-list li {\n    margin: 4px 0;\n    font-size: 16px;\n    color: #3a3a3a;\n  }\n  .gr-link {\n    color: #5a4634;\n    text-decoration: underline;\n  }\n  .loc-icon {\n    display:inline-flex;\n    width:24px; height:24px;\n    align-items:center;\n    justify-content:center;\n    margin-left:6px;\n    text-decoration:none !important;\n    color:#d60000;\n  }\n  .loc-icon svg { width:18px; height:18px; }\n<\/style>\n\n<div class=\"gr-wrap\">\n\n  <div class=\"gr-section\">\n    <div class=\"gr-title\">Check-in a check-out<\/div>\n    <div class=\"gr-text\">\n      <strong>Check-in:<\/strong> od 16:00<br>\n      <strong>Check-out:<\/strong> do 11:00\n    <\/div>\n<div class=\"gr-text\">\n      These times are required mainly in cases when the apartments are booked immediately before or after your stay.\n    <\/div>\n    <div class=\"gr-text\">\n      <strong>Accommodation location<\/strong>\n      <a class=\"loc-icon\" href=\"https:\/\/www.google.com\/maps?q=48.45844068637243,18.88719189522732\" target=\"_blank\" rel=\"noopener\">\n        <svg viewBox=\"0 0 24 24\" fill=\"none\">\n          <path d=\"M12 2C8.1 2 5 5.1 5 9c0 5.3 7 13 7 13s7-7.7 7-13c0-3.9-3.1-7-7-7z\" fill=\"#d60000\"\/>\n          <circle cx=\"12\" cy=\"9\" r=\"3\" fill=\"#ffffff\"\/>\n        <\/svg>\n      <\/a>\n    <\/div>\n   <\/div>\n\n  <div class=\"gr-section\">\n    <div class=\"gr-title\">Internet connection<\/div>\n    <div class=\"gr-text\">The property offers high-quality broadband suitable for work and streaming. The password can be found in the apartment.<\/div>\n  <\/div>\n\n  <div class=\"gr-section\">\n    <div class=\"gr-title\">Barbecue<\/div>\n    <ul class=\"gr-list\">\n      <li><strong>Entire Gallery Residence<\/strong> \/ <strong>Gallery Apartment 2<\/strong> \u2014 voutdoor seating + gas grill<\/li>\n      <li><strong>Cosy Apartment<\/strong> \u2014 small charcoal grill in the yard<\/li>\n    <\/ul>\n  <\/div>\n\n  <div class=\"gr-section\">\n    <div class=\"gr-title\">Dogs<\/div>\n    <div class=\"gr-text\">\n      We are dog-friendly when renting the entire Gallery Residence or Gallery Apartment 2 (enclosed yard). \n      Extra charge: <strong>10 \u20ac \/ night<\/strong>. Please notify us in advance.\n    <\/div>\n  <\/div>\n\n  <div class=\"gr-section\">\n    <div class=\"gr-title\">Activities, events, and local tips\n<\/div>\n    <div class=\"gr-text\">You are in the heart of Bansk\u00e1 \u0160tiavnica. Current information:\n<\/div>\n    <ul class=\"gr-list\">\n      <li><a class=\"gr-link\" href=\"https:\/\/www.banskastiavnica.travel\" target=\"_blank\" rel=\"noopener\">banskastiavnica.travel<\/a><\/li>\n      <li><a class=\"gr-link\" href=\"https:\/\/supervulkanstiavnica.sk\" target=\"_blank\" rel=\"noopener\">supervulkanstiavnica.sk<\/a><\/li>\n      <li><a class=\"gr-link\" href=\"https:\/\/www.facebook.com\/SupervulkanStiavnica\" target=\"_blank\" rel=\"noopener\">Facebook \u2013 Supervulk\u00e1n \u0160tiavnica<\/a><\/li>\n    <\/ul>\n  <\/div>\n\n  <div class=\"gr-section\">\n    <div class=\"gr-title\">Restaurants nearby\n<\/div>\n\n    <div class=\"gr-text\"><strong>Delicious food:\n<\/strong><\/div>\n    <ul class=\"gr-list\">\n      <li>\n        <a class=\"gr-link\" href=\"https:\/\/nakopci.sk\" target=\"_blank\" rel=\"noopener\">Na kopci<\/a>\n        <a class=\"loc-icon\" href=\"https:\/\/www.google.com\/maps\/search\/?api=1&#038;query=Na+kopci+Bansk\u00e1+\u0160tiavnica\" target=\"_blank\" rel=\"noopener\">\n          <svg viewBox=\"0 0 24 24\" fill=\"none\">\n            <path d=\"M12 2C8.1 2 5 5.1 5 9c0 5.3 7 13 7 13s7-7.7 7-13c0-3.9-3.1-7-7-7z\" fill=\"#d60000\"\/>\n            <circle cx=\"12\" cy=\"9\" r=\"3\" fill=\"#fff\"\/>\n          <\/svg>\n        <\/a>\n      <\/li>\n      <li>\n        <a class=\"gr-link\" href=\"https:\/\/hotelglaus.sk\" target=\"_blank\" rel=\"noopener\">Glaus<\/a>\n        <a class=\"loc-icon\" href=\"https:\/\/www.google.com\/maps\/search\/?api=1&#038;query=Hotel+Glaus+Bansk\u00e1+\u0160tiavnica\" target=\"_blank\" rel=\"noopener\">\n          <svg viewBox=\"0 0 24 24\" fill=\"none\">\n            <path d=\"M12 2C8.1 2 5 5.1 5 9c0 5.3 7 13 7 13s7-7.7 7-13c0-3.9-3.1-7-7-7z\" fill=\"#d60000\"\/>\n            <circle cx=\"12\" cy=\"9\" r=\"3\" fill=\"#fff\"\/>\n          <\/svg>\n        <\/a>\n      <\/li>\n      <li>\n        <a class=\"gr-link\" href=\"https:\/\/www.facebook.com\/MonarchiaRestaurant\/?locale=sk_SK\" target=\"_blank\" rel=\"noopener\">Monarchia<\/a>\n        <a class=\"loc-icon\" href=\"https:\/\/www.google.com\/maps\/search\/?api=1&#038;query=Monarchia+Bansk\u00e1+\u0160tiavnica\" target=\"_blank\" rel=\"noopener\">\n          <svg viewBox=\"0 0 24 24\" fill=\"none\">\n            <path d=\"M12 2C8.1 2 5 5.1 5 9c0 5.3 7 13 7 13s7-7.7 7-13c0-3.9-3.1-7-7-7z\" fill=\"#d60000\"\/>\n            <circle cx=\"12\" cy=\"9\" r=\"3\" fill=\"#fff\"\/>\n          <\/svg>\n        <\/a>\n      <\/li>\n      <li>\n        <a class=\"gr-link\" href=\"https:\/\/www.lembergbistro.sk\/\" target=\"_blank\" rel=\"noopener\">Lemberg bistro<\/a>\n        <a class=\"loc-icon\" href=\"https:\/\/www.google.com\/maps\/search\/?api=1&#038;query=Lemberg+bistro+Bansk\u00e1+\u0160tiavnica\" target=\"_blank\" rel=\"noopener\">\n          <svg viewBox=\"0 0 24 24\" fill=\"none\">\n            <path d=\"M12 2C8.1 2 5 5.1 5 9c0 5.3 7 13 7 13s7-7.7 7-13c0-3.9-3.1-7-7-7z\" fill=\"#d60000\"\/>\n            <circle cx=\"12\" cy=\"9\" r=\"3\" fill=\"#fff\"\/>\n          <\/svg>\n        <\/a>\n      <\/li>\n      <li>\n        <a class=\"gr-link\" href=\"https:\/\/www.facebook.com\/p\/Coburgbistro-100063635675277\" target=\"_blank\" rel=\"noopener\">Coburg<\/a>\n        <a class=\"loc-icon\" href=\"https:\/\/www.google.com\/maps\/search\/?api=1&#038;query=Coburg+Bistro+Bansk\u00e1+\u0160tiavnica\" target=\"_blank\" rel=\"noopener\">\n          <svg viewBox=\"0 0 24 24\" fill=\"none\">\n            <path d=\"M12 2C8.1 2 5 5.1 5 9c0 5.3 7 13 7 13s7-7.7 7-13c0-3.9-3.1-7-7-7z\" fill=\"#d60000\"\/>\n            <circle cx=\"12\" cy=\"9\" r=\"3\" fill=\"#fff\"\/>\n          <\/svg>\n        <\/a>\n      <\/li>\n    <\/ul>\n\n    <div class=\"gr-text\" style=\"margin-top:12px;\"><strong>Coffee &#038; relaxation:\n<\/strong><\/div>\n    <ul class=\"gr-list\">\n      <li>\n        <a class=\"gr-link\" href=\"https:\/\/artcafe.sk\/\" target=\"_blank\" rel=\"noopener\">Art Cafe<\/a>\n        <a class=\"loc-icon\" href=\"https:\/\/www.google.com\/maps\/search\/?api=1&#038;query=Art+Cafe+Bansk\u00e1+\u0160tiavnica\" target=\"_blank\" rel=\"noopener\">\n          <svg viewBox=\"0 0 24 24\" fill=\"none\">\n            <path d=\"M12 2C8.1 2 5 5.1 5 9c0 5.3 7 13 7 13s7-7.7 7-13c0-3.9-3.1-7-7-7z\" fill=\"#d60000\"\/>\n            <circle cx=\"12\" cy=\"9\" r=\"3\" fill=\"#fff\"\/>\n          <\/svg>\n        <\/a>\n      <\/li>\n      <li>\n        <a class=\"gr-link\" href=\"https:\/\/klopacka.sk\" target=\"_blank\" rel=\"noopener\">\u010cajov\u0148a Klopa\u010dka<\/a>\n        <a class=\"loc-icon\" href=\"https:\/\/www.google.com\/maps\/search\/?api=1&#038;query=\u010cajov\u0148a+Klopa\u010dka+Bansk\u00e1+\u0160tiavnica\" target=\"_blank\" rel=\"noopener\">\n          <svg viewBox=\"0 0 24 24\" fill=\"none\">\n            <path d=\"M12 2C8.1 2 5 5.1 5 9c0 5.3 7 13 7 13s7-7.7 7-13c0-3.9-3.1-7-7-7z\" fill=\"#d60000\"\/>\n            <circle cx=\"12\" cy=\"9\" r=\"3\" fill=\"#fff\"\/>\n          <\/svg>\n        <\/a>\n      <\/li>\n      <li>\n        <a class=\"gr-link\" href=\"https:\/\/ruina.sk\/\" target=\"_blank\" rel=\"noopener\">Ruin bar<\/a>\n        <a class=\"loc-icon\" href=\"https:\/\/www.google.com\/maps\/search\/?api=1&#038;query=Ruin+bar+Bansk\u00e1+\u0160tiavnica\" target=\"_blank\" rel=\"noopener\">\n          <svg viewBox=\"0 0 24 24\" fill=\"none\">\n            <path d=\"M12 2C8.1 2 5 5.1 5 9c0 5.3 7 13 7 13s7-7.7 7-13c0-3.9-3.1-7-7-7z\" fill=\"#d60000\"\/>\n            <circle cx=\"12\" cy=\"9\" r=\"3\" fill=\"#fff\"\/>\n          <\/svg>\n        <\/a>\n      <\/li>\n      <li>\n        <a class=\"gr-link\" href=\"https:\/\/ruina.sk\/\" target=\"_blank\" rel=\"noopener\">Archanjel Caffe Bar<\/a>\n        <a class=\"loc-icon\" href=\"https:\/\/www.google.com\/maps\/search\/?api=1&#038;query=Archanjel+Caffe+Bar+Bansk\u00e1+\u0160tiavnica\" target=\"_blank\" rel=\"noopener\">\n          <svg viewBox=\"0 0 24 24\" fill=\"none\">\n            <path d=\"M12 2C8.1 2 5 5.1 5 9c0 5.3 7 13 7 13s7-7.7 7-13c0-3.9-3.1-7-7-7z\" fill=\"#d60000\"\/>\n            <circle cx=\"12\" cy=\"9\" r=\"3\" fill=\"#fff\"\/>\n          <\/svg>\n        <\/a>\n      <\/li>\n    <\/ul>\n  <\/div>\n\n  <div class=\"gr-section\">\n    <div class=\"gr-title\">Shopping<\/div>\n    <ul class=\"gr-list\">\n      <li>\n        Sama Groceries (nearest):\n        <a class=\"loc-icon\" href=\"https:\/\/www.google.com\/maps\/place\/48%C2%B027'31.8%22N+18%C2%B053'37.7%22E\/@48.4588311,18.8931675\" target=\"_blank\" rel=\"noopener\">\n          <svg viewBox=\"0 0 24 24\" fill=\"none\">\n            <path d=\"M12 2C8.1 2 5 5.1 5 9c0 5.3 7 13 7 13s7-7.7 7-13c0-3.9-3.1-7-7-7z\" fill=\"#d60000\"\/>\n            <circle cx=\"12\" cy=\"9\" r=\"3\" fill=\"#fff\"\/>\n          <\/svg>\n        <\/a>\n      <\/li>\n      <li>\n        Shopping park Du\u017eina\n        <a class=\"loc-icon\" href=\"https:\/\/www.google.com\/maps\/search\/?api=1&#038;query=OC+Du\u017eina+Bansk\u00e1+\u0160tiavnica\" target=\"_blank\" rel=\"noopener\">\n          <svg viewBox=\"0 0 24 24\" fill=\"none\">\n            <path d=\"M12 2C8.1 2 5 5.1 5 9c0 5.3 7 13 7 13s7-7.7 7-13c0-3.9-3.1-7-7-7z\" fill=\"#d60000\"\/>\n            <circle cx=\"12\" cy=\"9\" r=\"3\" fill=\"#fff\"\/>\n          <\/svg>\n        <\/a>\n      <\/li>\n      <li>\n        Shopping park Lipa Park\n        <a class=\"loc-icon\" href=\"https:\/\/www.google.com\/maps\/search\/?api=1&#038;query=OC+Lipa+Park+Bansk\u00e1+\u0160tiavnica\" target=\"_blank\" rel=\"noopener\">\n          <svg viewBox=\"0 0 24 24\" fill=\"none\">\n            <path d=\"M12 2C8.1 2 5 5.1 5 9c0 5.3 7 13 7 13s7-7.7 7-13c0-3.9-3.1-7-7-7z\" fill=\"#d60000\"\/>\n            <circle cx=\"12\" cy=\"9\" r=\"3\" fill=\"#fff\"\/>\n          <\/svg>\n        <\/a>\n      <\/li>\n    <\/ul>\n  <\/div>\n\n  <div class=\"gr-section\">\n    <div class=\"gr-title\">Parking<\/div>\n    <div class=\"gr-text\"><strong>Cosy Apartment:<\/strong> 1 place<br><strong>Gallery apartments:<\/strong> 2 places<\/div>\n  <\/div>\n\n  <div class=\"gr-section\">\n    <div class=\"gr-title\">Some tech stuff<\/div>\n    <div class=\"gr-text\">\n      <strong>Cosy Apartment:<\/strong> Central heating with radiators.<br>\n      <strong>Gallery apartments:<\/strong> Floor heating + heat pumps (as air conditioning in summer).<br>\n      <strong>Gallery Apartm\u00e1n 2:<\/strong> Plus a tiled stove.<br>\n       <strong>TV with SKYlink;<\/strong> other services (Netflix, HBO, YouTube\u2026) through your own accounts.\n    <\/div>\n  <\/div>\n\n  <div class=\"gr-section\">\n    <div class=\"gr-title\">Skiing<\/div>\n    <ul class=\"gr-list\">\n      <li>\n        Salamandra Resort (5 km)\n        <a class=\"loc-icon\" href=\"https:\/\/www.google.com\/maps\/search\/?api=1&#038;query=Salamandra+Resort+Bansk\u00e1+\u0160tiavnica\" target=\"_blank\" rel=\"noopener\">\n          <svg viewBox=\"0 0 24 24\" fill=\"none\">\n            <path d=\"M12 2C8.1 2 5 5.1 5 9c0 5.3 7 13 7 13s7-7.7 7-13c0-3.9-3.1-7-7-7z\" fill=\"#d60000\"\/>\n            <circle cx=\"12\" cy=\"9\" r=\"3\" fill=\"#fff\"\/>\n          <\/svg>\n        <\/a>\n      <\/li>\n      <li>\n        Cross-country ski trails \u2013 \u010cerven\u00e1 stud\u0148a\n        <a class=\"loc-icon\" href=\"https:\/\/www.google.com\/maps\/search\/?api=1&#038;query=\u010cerven\u00e1+stud\u0148a+Bansk\u00e1+\u0160tiavnica\" target=\"_blank\" rel=\"noopener\">\n          <svg viewBox=\"0 0 24 24\" fill=\"none\">\n            <path d=\"M12 2C8.1 2 5 5.1 5 9c0 5.3 7 13 7 13s7-7.7 7-13c0-3.9-3.1-7-7-7z\" fill=\"#d60000\"\/>\n            <circle cx=\"12\" cy=\"9\" r=\"3\" fill=\"#fff\"\/>\n          <\/svg>\n        <\/a>\n      <\/li>\n      <li>Within 1 hour: \u0160achti\u010dky, SKI Kr\u00e1liky, Donovaly, Chopok Juh<\/li>\n    <\/ul>\n  <\/div>\n\n  <div class=\"gr-section\">\n    <div class=\"gr-title\">Summer \u2013 swimming and hiking<\/div>\n\n    <div class=\"gr-text\"><strong>Tajchy &#8211; artificial lakes:<\/strong><\/div>\n    <ul class=\"gr-list\">\n      <li>\n        Po\u010d\u00favadlo\n        <a class=\"loc-icon\" href=\"https:\/\/www.google.com\/maps\/place\/Po%C4%8D%C3%BAvadlo+jazero\/@48.4031773,18.8533924\" target=\"_blank\" rel=\"noopener\">\n          <svg viewBox=\"0 0 24 24\" fill=\"none\">\n            <path d=\"M12 2C8.1 2 5 5.1 5 9c0 5.3 7 13 7 13s7-7.7 7-13c0-3.9-3.1-7-7-7z\" fill=\"#d60000\"\/>\n            <circle cx=\"12\" cy=\"9\" r=\"3\" fill=\"#fff\"\/>\n          <\/svg>\n        <\/a>\n      <\/li>\n      <li>\n        Rich\u0148ava\n        <a class=\"loc-icon\" href=\"https:\/\/www.google.com\/maps\/search\/?api=1&#038;query=Rich\u0148ava+Bansk\u00e1+\u0160tiavnica\" target=\"_blank\" rel=\"noopener\">\n          <svg viewBox=\"0 0 24 24\" fill=\"none\">\n            <path d=\"M12 2C8.1 2 5 5.1 5 9c0 5.3 7 13 7 13s7-7.7 7-13c0-3.9-3.1-7-7-7z\" fill=\"#d60000\"\/>\n            <circle cx=\"12\" cy=\"9\" r=\"3\" fill=\"#fff\"\/>\n          <\/svg>\n        <\/a>\n      <\/li>\n      <li>\n        Wind\u0161achta\n        <a class=\"loc-icon\" href=\"https:\/\/www.google.com\/maps\/search\/?api=1&#038;query=Wind\u0161achta+Bansk\u00e1+\u0160tiavnica\" target=\"_blank\" rel=\"noopener\">\n          <svg viewBox=\"0 0 24 24\" fill=\"none\">\n            <path d=\"M12 2C8.1 2 5 5.1 5 9c0 5.3 7 13 7 13s7-7.7 7-13c0-3.9-3.1-7-7-7z\" fill=\"#d60000\"\/>\n            <circle cx=\"12\" cy=\"9\" r=\"3\" fill=\"#fff\"\/>\n          <\/svg>\n        <\/a>\n      <\/li>\n      <li>\n        Evi\u010dkino jazero\n        <a class=\"loc-icon\" href=\"https:\/\/www.google.com\/maps\/search\/?api=1&#038;query=Evi\u010dkino+jazero+Bansk\u00e1+\u0160tiavnica\" target=\"_blank\" rel=\"noopener\">\n          <svg viewBox=\"0 0 24 24\" fill=\"none\">\n            <path d=\"M12 2C8.1 2 5 5.1 5 9c0 5.3 7 13 7 13s7-7.7 7-13c0-3.9-3.1-7-7-7z\" fill=\"#d60000\"\/>\n            <circle cx=\"12\" cy=\"9\" r=\"3\" fill=\"#fff\"\/>\n          <\/svg>\n        <\/a>\n      <\/li>\n      <li>\n        Kolpa\u0161sk\u00fd tajch\n        <a class=\"loc-icon\" href=\"https:\/\/www.google.com\/maps\/place\/Ve%C4%BEk%C3%A9+Studensk%C3%A9+jazero\/@48.4489043,18.9718434\" target=\"_blank\" rel=\"noopener\">\n          <svg viewBox=\"0 0 24 24\" fill=\"none\">\n            <path d=\"M12 2C8.1 2 5 5.1 5 9c0 5.3 7 13 7 13s7-7.7 7-13c0-3.9-3.1-7-7-7z\" fill=\"#d60000\"\/>\n            <circle cx=\"12\" cy=\"9\" r=\"3\" fill=\"#fff\"\/>\n          <\/svg>\n        <\/a>\n      <\/li>\n    <\/ul>\n\n    <div class=\"gr-text\" style=\"margin-top:10px;\"><strong>Tourism:<\/strong><\/div>\n    <ul class=\"gr-list\">\n      <li>\n        Glanzenberg\n        <a class=\"loc-icon\" href=\"https:\/\/www.google.com\/maps\/search\/?api=1&#038;query=Glanzenberg+Bansk\u00e1+\u0160tiavnica\" target=\"_blank\" rel=\"noopener\">\n          <svg viewBox=\"0 0 24 24\" fill=\"none\">\n            <path d=\"M12 2C8.1 2 5 5.1 5 9c0 5.3 7 13 7 13s7-7.7 7-13c0-3.9-3.1-7-7-7z\" fill=\"#d60000\"\/>\n            <circle cx=\"12\" cy=\"9\" r=\"3\" fill=\"#fff\"\/>\n          <\/svg>\n        <\/a>\n      <\/li>\n      <li>\n        Sitno\n        <a class=\"loc-icon\" href=\"https:\/\/www.google.com\/maps\/search\/?api=1&#038;query=Sitno+Bansk\u00e1+\u0160tiavnica\" target=\"_blank\" rel=\"noopener\">\n          <svg viewBox=\"0 0 24 24\" fill=\"none\">\n            <path d=\"M12 2C8.1 2 5 5.1 5 9c0 5.3 7 13 7 13s7-7.7 7-13c0-3.9-3.1-7-7-7z\" fill=\"#d60000\"\/>\n            <circle cx=\"12\" cy=\"9\" r=\"3\" fill=\"#fff\"\/>\n          <\/svg>\n        <\/a>\n      <\/li>\n      \n      <li>\n        Paradajs\n        <a class=\"loc-icon\" href=\"https:\/\/www.google.com\/maps\/search\/?api=1&#038;query=Paradajs+Bansk\u00e1+\u0160tiavnica\" target=\"_blank\" rel=\"noopener\">\n          <svg viewBox=\"0 0 24 24\" fill=\"none\">\n            <path d=\"M12 2C8.1 2 5 5.1 5 9c0 5.3 7 13 7 13s7-7.7 7-13c0-3.9-3.1-7-7-7z\" fill=\"#d60000\"\/>\n            <circle cx=\"12\" cy=\"9\" r=\"3\" fill=\"#fff\"\/>\n          <\/svg>\n        <\/a>\n      <\/li>\n      <li>\n        Kysih\u00fdbe\u013e\n        <a class=\"loc-icon\" href=\"https:\/\/www.google.com\/maps\/search\/?api=1&#038;query=Kysih\u00fdbe\u013e+Bansk\u00e1+\u0160tiavnica\" target=\"_blank\" rel=\"noopener\">\n          <svg viewBox=\"0 0 24 24\" fill=\"none\">\n            <path d=\"M12 2C8.1 2 5 5.1 5 9c0 5.3 7 13 7 13s7-7.7 7-13c0-3.9-3.1-7-7-7z\" fill=\"#d60000\"\/>\n            <circle cx=\"12\" cy=\"9\" r=\"3\" fill=\"#fff\"\/>\n          <\/svg>\n        <\/a>\n      <\/li>\n    <\/ul>\n  <\/div>\n\n  <div class=\"gr-section\">\n    <div class=\"gr-title\">What is not allowed?<\/div>\n    <div class=\"gr-text\">There is a strict no smoking policy indoors.  \n    Please respect the privacy of other guests and neighbors outdoors.<\/div>\n  <\/div>\n\n<\/div>\n","protected":false},"excerpt":{"rendered":"<p>\u2630 Home About us Cosy Apartment Gallery Apartment 1 Gallery Apartment 2 Gallery Residence Useful Information Price List Contact Slovak Version Check-in a check-out Check-in: od 16:00 Check-out: do 11:00 These times are required mainly in cases when the apartments are booked immediately before or after your stay. Accommodation location Internet connection The property offers<a class=\"more-link\" href=\"https:\/\/www.ubytkovstiavnici.sk\/?page_id=1497\">Continue reading <span class=\"screen-reader-text\">&#8222;Useful Info_EN&#8220;<\/span><\/a><\/p>\n","protected":false},"author":1,"featured_media":0,"parent":0,"menu_order":0,"comment_status":"closed","ping_status":"closed","template":"","meta":{"_monsterinsights_skip_tracking":false,"_monsterinsights_sitenote_active":false,"_monsterinsights_sitenote_note":"","_monsterinsights_sitenote_category":0},"_links":{"self":[{"href":"https:\/\/www.ubytkovstiavnici.sk\/index.php?rest_route=\/wp\/v2\/pages\/1497"}],"collection":[{"href":"https:\/\/www.ubytkovstiavnici.sk\/index.php?rest_route=\/wp\/v2\/pages"}],"about":[{"href":"https:\/\/www.ubytkovstiavnici.sk\/index.php?rest_route=\/wp\/v2\/types\/page"}],"author":[{"embeddable":true,"href":"https:\/\/www.ubytkovstiavnici.sk\/index.php?rest_route=\/wp\/v2\/users\/1"}],"replies":[{"embeddable":true,"href":"https:\/\/www.ubytkovstiavnici.sk\/index.php?rest_route=%2Fwp%2Fv2%2Fcomments&post=1497"}],"version-history":[{"count":6,"href":"https:\/\/www.ubytkovstiavnici.sk\/index.php?rest_route=\/wp\/v2\/pages\/1497\/revisions"}],"predecessor-version":[{"id":1559,"href":"https:\/\/www.ubytkovstiavnici.sk\/index.php?rest_route=\/wp\/v2\/pages\/1497\/revisions\/1559"}],"wp:attachment":[{"href":"https:\/\/www.ubytkovstiavnici.sk\/index.php?rest_route=%2Fwp%2Fv2%2Fmedia&parent=1497"}],"curies":[{"name":"wp","href":"https:\/\/api.w.org\/{rel}","templated":true}]}}